{"version":"1.0","provider_name":"Priska & CO Coiffure | Hair Dresser | Montreal Quebec","provider_url":"https:\/\/priska.co\/en\/","author_name":"Priska Laurent","author_url":"https:\/\/priska.co\/en\/author\/priska-laurent\/","title":"Tendances coiffures printemps\/\u00e9t\u00e9 2013 - Priska & CO Coiffure | Hair Dresser | Montreal Quebec","type":"rich","width":600,"height":338,"html":"<blockquote class=\"wp-embedded-content\" data-secret=\"mK31vrK5LT\"><a href=\"https:\/\/priska.co\/en\/tendances-coiffures-printempsete-2013-2\/\">Tendances coiffures printemps\/\u00e9t\u00e9 2013<\/a><\/blockquote><iframe sandbox=\"allow-scripts\" security=\"restricted\" src=\"https:\/\/priska.co\/en\/tendances-coiffures-printempsete-2013-2\/embed\/#?secret=mK31vrK5LT\" width=\"600\" height=\"338\" title=\"&#8220;Tendances coiffures printemps\/\u00e9t\u00e9 2013&#8221; &#8212; Priska &amp; CO Coiffure | Hair Dresser | Montreal Quebec\" data-secret=\"mK31vrK5LT\" frameborder=\"0\" marginwidth=\"0\" marginheight=\"0\" scrolling=\"no\" class=\"wp-embedded-content\"><\/iframe><script type=\"text\/javascript\">\n\/* <![CDATA[ *\/\n\/*! This file is auto-generated *\/\n!function(d,l){\"use strict\";l.querySelector&&d.addEventListener&&\"undefined\"!=typeof URL&&(d.wp=d.wp||{},d.wp.receiveEmbedMessage||(d.wp.receiveEmbedMessage=function(e){var t=e.data;if((t||t.secret||t.message||t.value)&&!\/[^a-zA-Z0-9]\/.test(t.secret)){for(var s,r,n,a=l.querySelectorAll('iframe[data-secret=\"'+t.secret+'\"]'),o=l.querySelectorAll('blockquote[data-secret=\"'+t.secret+'\"]'),c=new RegExp(\"^https?:$\",\"i\"),i=0;i<o.length;i++)o[i].style.display=\"none\";for(i=0;i<a.length;i++)s=a[i],e.source===s.contentWindow&&(s.removeAttribute(\"style\"),\"height\"===t.message?(1e3<(r=parseInt(t.value,10))?r=1e3:~~r<200&&(r=200),s.height=r):\"link\"===t.message&&(r=new URL(s.getAttribute(\"src\")),n=new URL(t.value),c.test(n.protocol))&&n.host===r.host&&l.activeElement===s&&(d.top.location.href=t.value))}},d.addEventListener(\"message\",d.wp.receiveEmbedMessage,!1),l.addEventListener(\"DOMContentLoaded\",function(){for(var e,t,s=l.querySelectorAll(\"iframe.wp-embedded-content\"),r=0;r<s.length;r++)(t=(e=s[r]).getAttribute(\"data-secret\"))||(t=Math.random().toString(36).substring(2,12),e.src+=\"#?secret=\"+t,e.setAttribute(\"data-secret\",t)),e.contentWindow.postMessage({message:\"ready\",secret:t},\"*\")},!1)))}(window,document);\n\/* ]]> *\/\n<\/script>\n","description":"La fin de l\u2019hiver arrive sous peu&#8230; Le beau temps, l\u2019arriv\u00e9e des bourgeons, la fonte du tapis blanc et le chant des oiseaux arrivent \u00e0 grands pas. Lorsque l\u2019on parle du printemps et de l\u2019\u00e9t\u00e9 qui le succ\u00e8de, on pense d\u00e9j\u00e0 aux sorties sur les terrasses et de nos fameux 5 \u00e0 7. Qui dit Printemps&#8230; dit grand M\u00e9nage. Bien s\u00fbr ce grand m\u00e9nage ne devrait pas qu\u2019\u00eatre r\u00e9serv\u00e9 \u00e0 votre maison, mais aussi \u00e0 vous m\u00eame. Une mise \u00e0 jour de votre personne, de votre beaut\u00e9 et surtout de votre coiffure ne ferait pas de mal. J\u2019estime que je ne suis pas la seule \u00e0 avoir h\u00e2te de r\u00e9affirmer ma personne, en ce d\u00e9but de saison. Alors je profite pour vous glisser quelques mots sur les tendances coiffures 2013.","thumbnail_url":"http:\/\/lesliepasserino.com\/wp-content\/uploads\/2013\/02\/7c95d54a06f286f7068632fe679263e7.jpg"}

Tendances coiffures printemps/été 2013 - Priska & CO Coiffure | Hair Dresser | Montreal Quebec

<blockquote class="wp-embedded-content" data-secret="mK31vrK5LT"><a href="https://priska.co/en/tendances-coiffures-printempsete-2013-2/">Tendances coiffures printemps/été 2013</a></blockquote><iframe sandbox="allow-scripts" security="restricted" src="https://priska.co/en/tendances-coiffures-printempsete-2013-2/embed/#?secret=mK31vrK5LT" width="600" height="338" title="&#8220;Tendances coiffures printemps/été 2013&#8221; &#8212; Priska &amp; CO Coiffure | Hair Dresser | Montreal Quebec" data-secret="mK31vrK5LT" frameborder="0" marginwidth="0" marginheight="0" scrolling="no" class="wp-embedded-content"></iframe><script type="text/javascript">
/* <![CDATA[ */
/*! This file is auto-generated */
!function(d,l){"use strict";l.querySelector&&d.addEventListener&&"undefined"!=typeof URL&&(d.wp=d.wp||{},d.wp.receiveEmbedMessage||(d.wp.receiveEmbedMessage=function(e){var t=e.data;if((t||t.secret||t.message||t.value)&&!/[^a-zA-Z0-9]/.test(t.secret)){for(var s,r,n,a=l.querySelectorAll('iframe[data-secret="'+t.secret+'"]'),o=l.querySelectorAll('blockquote[data-secret="'+t.secret+'"]'),c=new RegExp("^https?:$","i"),i=0;i<o.length;i++)o[i].style.display="none";for(i=0;i<a.length;i++)s=a[i],e.source===s.contentWindow&&(s.removeAttribute("style"),"height"===t.message?(1e3<(r=parseInt(t.value,10))?r=1e3:~~r<200&&(r=200),s.height=r):"link"===t.message&&(r=new URL(s.getAttribute("src")),n=new URL(t.value),c.test(n.protocol))&&n.host===r.host&&l.activeElement===s&&(d.top.location.href=t.value))}},d.addEventListener("message",d.wp.receiveEmbedMessage,!1),l.addEventListener("DOMContentLoaded",function(){for(var e,t,s=l.querySelectorAll("iframe.wp-embedded-content"),r=0;r<s.length;r++)(t=(e=s[r]).getAttribute("data-secret"))||(t=Math.random().toString(36).substring(2,12),e.src+="#?secret="+t,e.setAttribute("data-secret",t)),e.contentWindow.postMessage({message:"ready",secret:t},"*")},!1)))}(window,document);
/* ]]> */
</script>

La fin de l’hiver arrive sous peu&#8230; Le beau temps, l’arrivée des bourgeons, la fonte du tapis blanc et le chant des oiseaux arrivent à grands pas. Lorsque l’on parle du printemps et de l’été qui le succède, on pense déjà aux sorties sur les terrasses et de nos fameux 5 à 7. Qui dit Printemps&#8230; dit grand Ménage. Bien sûr ce grand ménage ne devrait pas qu’être réservé à votre maison, mais aussi à vous même. Une mise à jour de votre personne, de votre beauté et surtout de votre coiffure ne ferait pas de mal. J’estime que je ne suis pas la seule à avoir hâte de réaffirmer ma personne, en ce début de saison. Alors je profite pour vous glisser quelques mots sur les tendances coiffures 2013.
